 b/(-10) + 2 - 72/(-30). What is the tens digit of (q - (-25)/(-2))/((-36)/120)?
3
Let n = -50 - -1245. Suppose 0 = 5*p - n - 795. What is the units digit of p?
8
Let h(l) = -3*l**2 + 22*l - 19. Let p be h(6). Suppose -p*f + 1128 = 4*b, -2*b + 846 = b + 5*f. What is the hundreds digit of b?
2
Suppose 3*s - 7*s = -5*c - 24, 30 = 5*s - 4*c. Suppose 0 = -s*n - 3*n + 13*n. What is the tens digit of 2 + (-188)/(-4) + n?
4
Suppose -5*h + 131394 = p, -72*p - 131424 = -5*h - 68*p. What is the hundreds digit of h?
2
Let g(o) = 4*o - 54. Let v be g(15). Suppose 0*p + v*p - 108 = 0. What is the tens digit of p?
1
Suppose -10*h = h - 6864. Let q = h + 1091. What is the thousands digit of q?
1
Let o be (98 + -1)*(-15)/15. Let x = 250 - o. What is the units digit of x?
7
Suppose 39 + 1 = 8*r. Suppose 0*u = 4*u + 3*q + 1023, -r*u + 3*q - 1245 = 0. Let j = 447 + u. What is the tens digit of j?
9
Let t(y) = -y**3 + 11*y**2 - y - 81. Let z be t(7). Let o = -27 + -67. Let j = z + o. What is the units digit of j?
4
Let l = -892 + 630. Let t = l + 308. What is the units digit of t?
6
Suppose -5*r + 2*y + 313928 = 0, -283*r - 5*y + 188301 = -280*r. What is the tens digit of r?
8
What is the thousands digit of (35*(-20)/(-30))/((-75440)/(-10776) - 7)?
1
Suppose g + 3*f - 36977 = 0, -3*g + 26*f + 110843 = 24*f. What is the hundreds digit of g?
9
Suppose -1903*f + 969*f - 166122 = -952*f. What is the thousands digit of f?
9
What is the hundreds digit of (1/(4/(-1226)))/(20/(-80))?
2
Suppose 10*o - 11*o + 4 = 0. Let h be 4 + (-3 - (-9 + o)). Suppose 0 = z - k - 72, -5*z = h*k - 3*k - 336. What is the tens digit of z?
6
Suppose -551*h + 10210 = -549*h. Suppose -2*r = 5*p - h, -4*p + 4087 = -6*r + 7*r. What is the thousands digit of p?
1
Let q be -8*(-1 - (-6)/4). Let a be q*(-15)/100*1005. What is the hundreds digit of (a/6 - 3)/((-2)/(-4))?
1
Suppose 49*l = -87*l - 171*l + 3381298. What is the units digit of l?
4
Let n = -236 + 237. What is the hundreds digit of 2804/8 - (n/2 + -2)?
3
Suppose 5*f = 11*f + 1944. Let z = -279 - f. What is the units digit of z?
5
Let o = -247 + 200. Let d = 436 - o. What is the units digit of d?
3
Suppose 14*q - 104939 = 4*q + 17811. What is the thousands digit of q?
2
Let b be (-2)/(42/18 + -3). Suppose -2*v + 252 = 2*w, 3*v + b*w - 7*w = 406. What is the tens digit of v?
3
Let r = -3164 - -7433. What is the hundreds digit of r?
2
Let h = 18 + -14. Suppose h*n - 231 = 273. Suppose 0 = -3*p + n + 33. What is the units digit of p?
3
Let c be 33*(-4)/(-6) + 4/2. What is the tens digit of -26*430/(-36) + c/54?
1
Let h = -420 - -433. Suppose 523 = f - h*k + 8*k, 0 = f - k - 523. What is the tens digit of f?
2
Suppose 0 = 38*p - 37*p - 5. Suppose -4*q - 2*b + 5866 = 0, p*b = 3*q - 5534 + 1102. What is the hundreds digit of q?
4
Let u be ((-6)/(-4))/(-5 - (-184)/32). Suppose -4*g = -4*x + 155 + 121, 5*x - 330 = u*g. What is the tens digit of x?
6
Suppose -15*j = -16*j + 158. Suppose q = -4*z + 289, -3*q + 5*z + j = -743. What is the tens digit of q?
9
Let l(q) = 2*q**2 + 8. Let j be l(5). What is the hundreds digit of ((-87)/j)/((-1)/446)?
6
Let f = -437 - -441. Suppose -3643 = -3*c + f*b, c + 39*b = 41*b + 1215. What is the thousands digit of c?
1
Suppose 5*o = 4*q + 30993, -6181 = 134*o - 135*o + 3*q. What is the thousands digit of o?
6
Let a(k) be the second derivative of k**4/12 - k**3 - k**2 + 35*k. Let y be a(7). Suppose -y*j - w + 472 = 0, -j - 5*w + 80 = -0*j. What is the tens digit of j?
9
Suppose -21*z + 19*z = b - 8734, 2*b + 2*z - 17482 = 0. What is the thousands digit of b?
8
Suppose 5*h = -2*k + 95372, -3*k + 143102 = -6*h + 8*h. What is the ten thousands digit of k?
4
Let m(l) = -5*l**3 + 8*l**2 - 20*l - 45. What is the thousands digit of m(-7)?
2
Let r(p) = -2*p**2 + 21*p - 51. Let h be r(5). Suppose -h*t + 4*o + 2348 = 0, 4*t + 2*o = -o + 2341. What is the tens digit of t?
8
Let h be (-1 - -3) + 0 + 2 + 23. Let b be (-10)/(-45) + (-222)/h. What is the units digit of (-6 - -136) + b/(-2) + -2?
2
Let z be 3 - 14/(-3)*6. Let i(x) = -5 - 21*x + 4*x**2 + z*x + 0 + 1. What is the hundreds digit of i(4)?
1
Let d(y) = 9*y - 108. Let b be d(12). What is the units digit of 358/18 + 5/(b + 45)?
0
Let t(q) = 631*q**2 + 138*q - 45. What is the units digit of t(6)?
9
Suppose -32*i + 182918 = -98042. What is the tens digit of i?
8
Let f(t) = 3*t + 3. Let s(w) = -2*w - 4. Let h(v) = 4*f(v) + 5*s(v). Let b be h(15). Let n = 28 + b. What is the tens digit of n?
5
Suppose -36*b + 10030 = -26*b. What is the units digit of b?
3
Suppose -2*d = 101 - 101. Suppose -17*a + 0*a + 8568 = d. What is the units digit of a?
4
Let v = 7851 - 5273. Suppose -6*b = 556 - v. What is the hundreds digit of b?
3
Suppose -4*y + 4 = -0*y, d - 4*y + 137 = 0. Let t be (0 - 2)*d/14. Suppose -18*z + t*z = 37. What is the tens digit of z?
3
Suppose -v - r = 2*v - 227, -v + 79 = -3*r. Let i = v + -35. Suppose -i*s = -45*s + 192. What is the units digit of s?
8
Let a(u) = -6*u**2 + 3*u - 25. Let c(y) = 6*y**2 - 4*y + 26. Let v(h) = 5*a(h) + 6*c(h). What is the units digit of v(10)?
1
Let f = 19 - 6. Suppose f*a + 2142 = 4*a. Let x = a - -409. What is the hundreds digit of x?
1
Let h = -196 - -180. Let p(r) = -21*r + 100. What is the hundreds digit of p(h)?
4
Let t(p) = 12*p + 32. Let b(f) = -f**3 + 12*f**2 + 2*f - 7. Let d be b(12). Let j be t(d). Suppose -5*m + m + j = 0. What is the units digit of m?
9
Let z be ((0 - 6)*1)/((-3)/123). Suppose -4*o - 266 = -k + o, k = o + z. Let b = 374 - k. What is the tens digit of b?
3
Suppose -3*j = 3*p - 13869, -j + 6*j = 3*p - 13845. Suppose 2*m = -10*m + p. What is the hundreds digit of m?
3
Let v be ((-126)/(-8))/((-1)/(-12)). Let g be (4 + 147 + (3 - 14))*1/(-2). Let m = g + v. What is the tens digit of m?
1
Suppose -102*b - 6949831 = 665*b - 31530647. What is the units digit of b?
8
Let k(l) = 2667*l**3 + 3*l**2 - 8*l + 4. Let h be k(2). Suppose 10*z - h = -18*z. What is the hundreds digit of z?
7
What is the thousands digit of (3/((48/(-6))/4))/((-1)/2338)?
3
Suppose -q + 6*f - 11 = f, 2*q = -f + 11. Let s(a) = a**2 - 5*a + 9 + q - 31 + 0. What is the units digit of s(-8)?
6
Let f(n) = n**3 - 5*n**2 + n - 6. Let g be ((-1)/1)/((-1)/5). Let b be f(g). What is the units digit of -2 + b + 5 - -114?
6
Let y(q) = 2*q**2 + 16*q - 38. Let a be y(2). Suppose -r + 825 = 3*m, -a*r + 1098 = 2*m + 2*m. What is the hundreds digit of m?
2
Suppose 3*a + 4797 = -2*s, -8*a - 8000 = -3*a + 5*s. Let r = a - -2458. What is the units digit of r?
1
Let b(g) = -13*g**3 - g**2 - g. Suppose -38*x = -35*x - 30. Suppose -2*j - x*j = 12. What is the tens digit of b(j)?
1
Let r = 353 - -47. Suppose 0*m + 2*m + 3*u - 244 = 0, 3*m - r = 4*u. What is the tens digit of m?
2
Let t(c) be the second derivative of 4*c**3/3 + 9*c**2/2 + 6*c. Let y be t(3). What is the tens digit of 3*(y - 2/1)?
9
Let f(u) = 6*u - 615. Let t be f(0). Let j = t + 1330. Suppose -10*a + j = 3*a. What is the tens digit of a?
5
Suppose 4*m = 7*m - 6. Suppose 88 + 164 = m*h. What is the hundreds digit of h?
1
Let g(w) = 3*w + 84. Let h be g(-27). What is the units digit of 9/h + (-2044)/(-4)?
4
Let w = 2577 - -7446. What is the hundreds digit of w?
0
Let d(c) = -4*c**2 + 159*c + 50. Let q be d(40). Suppose -46*m + 34092 = -q*m. What is the tens digit of m?
4
Suppose 2*k + 11*o = 14*o + 52049, -4*k + o + 104103 = 0. What is the hundreds digit of k?
0
Let s = 63 - -274. Let g = 48 + s. Suppose -5*h - 4*z + g = -7, -2*z = h - 82. What is the units digit of h?
6
Let v be 10/(-55) - 492/(-44). Let h(m) = m**3 - 5*m**2 + 23*m - 22. What is the tens digit of h(v)?
5
Suppose -72 = f - 81. Suppose -4*r + f*r + 339 = w, -4*w + 1402 = 3*r. What is the tens digit of w?
4
Let j(v) = -v + 3. Let q be j(-3). Suppose 11*m + 70 = 18*m. What is the tens digit of 56/m*3/q*10?
2
What is the tens digit of (-3 + (-17)/34)*(-2932)/7?
6
Suppose -2*p - 5944 = -4*u, 2*u - 4009 + 1033 = 3*p. Let g = u - 363. What is the thousands digit of g?
1
Let k(y) = 111*y**2 + 65*y + 200. What is the ten thousands digit of k(-14)?
2
Let t be ((-2)/4*-1)/((-2)/(-20)). Suppose t*w - 25 = -5*k + 10, 4*k = 5*w - 8. Suppose -4*c = -7*c + n + 523, w*n - 196 = -c. What is the tens digit of c?
7
Let f(z) = z**3 + 12*z**2 - 12*z + 1